{"id":68,"date":"2019-03-17T08:20:25","date_gmt":"2019-03-17T08:20:25","guid":{"rendered":"https:\/\/jthemes.net\/themes\/wp\/nextapp\/?page_id=68"},"modified":"2025-12-11T14:13:44","modified_gmt":"2025-12-11T14:13:44","slug":"layout-06","status":"publish","type":"page","link":"https:\/\/smartvehicle.pl\/","title":{"rendered":"Strona g\u0142\u00f3wna"},"content":{"rendered":"<div class=\"wpb-content-wrapper\"><p>[vc_section section_type=&#8221;hero&#8221; hero_type=&#8221;6&#8243; parallax_image_attachment=&#8221;scroll&#8221; padding_class=&#8221;&#8221;][vc_row][vc_column width=&#8221;1\/2&#8243;]\r\n        <div class=\"mb-70  hero-6-img text-center\"> \r\n        <img decoding=\"async\" class=\"vc_single_image-img img-fluid\"  src=\"https:\/\/smartvehicle.pl\/wp-content\/uploads\/2025\/11\/app.png\" alt=\"External image\" \/>\r\n        <\/div>[\/vc_column][vc_column width=&#8221;1\/12&#8243;][\/vc_column][vc_column width=&#8221;5\/12&#8243;]\r\n        <div class=\"mb-40  hero-txt\"> \r\n            \r\n            <div class=\"hero-app-data\"><h4 class=\"h4-lg\">SmartDrive 1.1.2<\/h4><\/div>         \r\n            <h3 class=\"h3-xl\">Bezpieczna jazda nigdy nie by\u0142a tak prosta.<\/h3>\r\n            <p class=\"p-md\">Nasza aplikacja w prosty spos\u00f3b pomaga kierowcom aut kontrolowa\u0107 pr\u0119dko\u015b\u0107, rodzicom pom\u00f3c zapanowa\u0107 nad ich pociechami za kierownic\u0105, a dla TU obni\u017cy\u0107 sk\u0142adki na podstawie stylu jazdy.<\/p> \r\n            \r\n                        \r\n            \r\n                        \r\n                        \r\n            <div class=\"stores-badge\">\r\n                <a target=\"_blank\"  href=\"https:\/\/smartvehicle.pl\/index.php\/zamow\/\"  title=\"Zam\u00f3w\"  class=\"btn btn-blue default-hover store btn-type-dark\"><span>Zam\u00f3w<\/span><\/a>\r\n                \r\n            <\/div>      \r\n        <\/div>[\/vc_column][\/vc_row][\/vc_section][vc_section section_type=&#8221;features&#8221; features_type=&#8221;1&#8243; bg_class=&#8221;bg-lightgrey&#8221; parallax_image_attachment=&#8221;inherit&#8221; el_id=&#8221;features&#8221;][vc_row][vc_column width=&#8221;1\/3&#8243;]<div class=\"fbox-2  wow perch-fadeInUp fadeInUp sbox-2\" data-wow-delay=\"300ms\" data-wow-duration=\"1200ms\">    \t\t\r\n    \t\t<span class=\"icon-md\">\r\n                    <span class=\"flaticon-004-tap icon-sm grey-color\"><\/span>\r\n                 <\/span><!-- Icon  -->\r\n\t\t\t<div class=\"fbox-2-txt\">\r\n\t\t\t<h5 class=\"h5-sm\">Przyjazny interfejs<\/h5><!-- Title -->\t\t\t\t\t\t\t\t\t\r\n\t\t\t<p class=\"grey-color\">Aplikacja posiada intuicyjny interfejs i jest zaprojektowana w spos\u00f3b pozwalaj\u0105cy na obs\u0142ug\u0119 przez osoby starsze.<\/p><!-- Text -->\r\n\t\t\t<\/div>\t\t\r\n\t\t<\/div><div class=\"fbox-2  wow perch-fadeInUp fadeInUp sbox-2\" data-wow-delay=\"300ms\" data-wow-duration=\"1200ms\">    \t\t\r\n    \t\t<span class=\"icon-md\">\r\n                    <span class=\"flaticon-061-fingerprint icon-sm grey-color\"><\/span>\r\n                 <\/span><!-- Icon  -->\r\n\t\t\t<div class=\"fbox-2-txt\">\r\n\t\t\t<h5 class=\"h5-sm\">Bezpiecze\u0144stwo<\/h5><!-- Title -->\t\t\t\t\t\t\t\t\t\r\n\t\t\t<p class=\"grey-color\">Nowoczesne technologie gwarantuj\u0105 bezpiecze\u0144stwo transmitowanych danych.<\/p><!-- Text -->\r\n\t\t\t<\/div>\t\t\r\n\t\t<\/div>[\/vc_column][vc_column width=&#8221;1\/3&#8243;]<div class=\"fbox-2  wow perch-fadeInUp fadeInUp sbox-2\" data-wow-delay=\"300ms\" data-wow-duration=\"1200ms\">    \t\t\r\n    \t\t<span class=\"icon-md\">\r\n                    <span class=\"flaticon-090-settings-1 icon-sm grey-color\"><\/span>\r\n                 <\/span><!-- Icon  -->\r\n\t\t\t<div class=\"fbox-2-txt\">\r\n\t\t\t<h5 class=\"h5-sm\">Proste ustawienia<\/h5><!-- Title -->\t\t\t\t\t\t\t\t\t\r\n\t\t\t<p class=\"grey-color\">Proste i czytlene ustawienia zar\u00f3wno pod wzgl\u0119dem komunikacji jak i obs\u0142ugi oraz zadawanych parametr\u00f3w.<\/p><!-- Text -->\r\n\t\t\t<\/div>\t\t\r\n\t\t<\/div><div class=\"fbox-2  wow perch-fadeInUp fadeInUp sbox-2\" data-wow-delay=\"300ms\" data-wow-duration=\"1200ms\">    \t\t\r\n    \t\t<span class=\"icon-md\">\r\n                    <span class=\"flaticon-044-wall-clock-1 icon-sm grey-color\"><\/span>\r\n                 <\/span><!-- Icon  -->\r\n\t\t\t<div class=\"fbox-2-txt\">\r\n\t\t\t<h5 class=\"h5-sm\">Szybkie dzia\u0142anie i stabilno\u015b\u0107<\/h5><!-- Title -->\t\t\t\t\t\t\t\t\t\r\n\t\t\t<p class=\"grey-color\">Kr\u00f3tkie czasy \u0142adowania, brak \u201ezawieszek\u201d, rzadkie b\u0142\u0119dy. Aplikacja dzia\u0142a p\u0142ynnie.<\/p><!-- Text -->\r\n\t\t\t<\/div>\t\t\r\n\t\t<\/div>[\/vc_column][vc_column width=&#8221;1\/3&#8243;]<div class=\"fbox-2  wow perch-fadeInUp fadeInUp sbox-2\" data-wow-delay=\"300ms\" data-wow-duration=\"1200ms\">    \t\t\r\n    \t\t<span class=\"icon-md\">\r\n                    <span class=\"flaticon-089-notification-1 icon-sm grey-color\"><\/span>\r\n                 <\/span><!-- Icon  -->\r\n\t\t\t<div class=\"fbox-2-txt\">\r\n\t\t\t<h5 class=\"h5-sm\">Alerty i powiadomienia<\/h5><!-- Title -->\t\t\t\t\t\t\t\t\t\r\n\t\t\t<p class=\"grey-color\">Czytelne alerty informuj\u0105ce o niedozwolonych zachowaniach dokonanych przez osoby nadzorowane.<\/p><!-- Text -->\r\n\t\t\t<\/div>\t\t\r\n\t\t<\/div><div class=\"fbox-2  wow perch-fadeInUp fadeInUp sbox-2\" data-wow-delay=\"300ms\" data-wow-duration=\"1200ms\">    \t\t\r\n    \t\t<span class=\"icon-md\">\r\n                    <span class=\"flaticon-070-worldwide icon-sm grey-color\"><\/span>\r\n                 <\/span><!-- Icon  -->\r\n\t\t\t<div class=\"fbox-2-txt\">\r\n\t\t\t<h5 class=\"h5-sm\">Niewielkie zu\u017cycie transferu danych<\/h5><!-- Title -->\t\t\t\t\t\t\t\t\t\r\n\t\t\t<p class=\"grey-color\">Aplikacja nie \u201epo\u017cera\u201d transferu nie wysy\u0142a nadmiaru danych, ma opcj\u0119 ograniczenia transferu<\/p><!-- Text -->\r\n\t\t\t<\/div>\t\t\r\n\t\t<\/div>[\/vc_column][\/vc_row][\/vc_section][vc_section section_type=&#8221;info&#8221; info_type=&#8221;1&#8243; parallax_image_attachment=&#8221;inherit&#8221; el_class=&#8221;info-2-row&#8221; el_id=&#8221;about&#8221;][vc_row][vc_column width=&#8221;1\/2&#8243;]\r\n        <div class=\"mb-40 pl-45 pr-45  txt-block\"> \r\n        \t\r\n            <span class=\"Default none section-id id-color  wow perch-fadeInUp fadeInUp\" data-wow-delay=\"300ms\" data-wow-duration=\"1200ms\">Bezpieczne urz\u0105dzenie<\/span>         \r\n            <h3 class=\"Default h3-lg none  wow perch-fadeInUp fadeInUp\" data-wow-delay=\"400ms\" data-wow-duration=\"1200ms\">Urz\u0105dzenie SMART gwarantuj\u0105ce bezpiecze\u0144stwo<\/h3>\r\n             \r\n            \r\n            <ul class=\"txt-list mb-35 single-column-list\"><li class=\" wow perch-fadeInUp fadeInUp\" data-wow-delay=\"600ms\" data-wow-duration=\"1200ms\">Archiwizacja danych historii jazdy w koncepcji \u201eczarnej skrzynki``<\/li><li class=\" wow perch-fadeInUp fadeInUp\" data-wow-delay=\"700ms\" data-wow-duration=\"1200ms\">Rozpoznawanie znak\u00f3w drogowych<\/li><li class=\" wow perch-fadeInUp fadeInUp\" data-wow-delay=\"800ms\" data-wow-duration=\"1200ms\">Zdalna kontrola i monitoring pojazdu <\/li><li class=\" wow perch-fadeInUp fadeInUp\" data-wow-delay=\"900ms\" data-wow-duration=\"1200ms\">Ograniczenie parametr\u00f3w jazdy<\/li><li class=\" wow perch-fadeInUp fadeInUp\" data-wow-delay=\"1000ms\" data-wow-duration=\"1200ms\">Obudowa przeciwwybuchowa<\/li><\/ul>            \r\n            \r\n                        \r\n                        \r\n            <div class=\"stores-badge  wow perch-fadeInUp fadeInUp\" data-wow-delay=\"1200ms\" data-wow-duration=\"1200ms\">\r\n                <a target=\"_self\"  href=\"#\"  title=\"Learn More About It\"  class=\"btn btn-tra-white tra-hover default-hover store btn-type-light\"><span>Learn More About It<\/span><\/a>\r\n                \r\n            <\/div>      \r\n        <\/div>[\/vc_column][vc_column width=&#8221;1\/2&#8243;]\r\n        <div class=\"mb-40 pl-45  img-block  wow perch-fadeInUp fadeInUp\" data-wow-delay=\"300ms\" data-wow-duration=\"1200ms\"> \r\n        <img decoding=\"async\" class=\"vc_single_image-img img-fluid\"  src=\"https:\/\/smartvehicle.pl\/wp-content\/uploads\/2025\/11\/ukla.png\" alt=\"External image\" \/>\r\n        <\/div>[\/vc_column][\/vc_row][\/vc_section][vc_section bg_class=&#8221;bg-tra&#8221; parallax_image_attachment=&#8221;fixed&#8221; el_class=&#8221;bg-graph&#8221; el_id=&#8221;why&#8221;][vc_row][vc_column width=&#8221;2\/12&#8243; el_class=&#8221;txt-block&#8221;][\/vc_column][vc_column width=&#8221;8\/12&#8243;][vc_row_inner][vc_column_inner width=&#8221;1\/3&#8243;]\r\n        <div class=\"statistic-block box-icon white-color text-center\"> \r\n                <div class=\"Inherit-icon b-icon box-icon-md\"><span class=\" Inherit\"><\/span><\/div>          \r\n                <h5 class=\"statistic-number txt-700\"><span class=\"count-element\">28<\/span>%<\/h5>                \r\n                <p class=\"txt-500\">Wi\u0119ksze bezpiecze\u0144stwo<\/p>\r\n                                \r\n        <\/div>[\/vc_column_inner][vc_column_inner width=&#8221;1\/3&#8243;]\r\n        <div class=\"statistic-block box-icon white-color text-center\"> \r\n                <div class=\"Inherit-icon b-icon box-icon-md\"><span class=\" Inherit\"><\/span><\/div>          \r\n                <h5 class=\"statistic-number txt-700\"><span class=\"count-element\">47<\/span>%<\/h5>                \r\n                <p class=\"txt-500\">Mniej wykrocze\u0144<\/p>\r\n                                \r\n        <\/div>[\/vc_column_inner][vc_column_inner width=&#8221;1\/3&#8243;]\r\n        <div class=\"statistic-block box-icon white-color text-center\"> \r\n                <div class=\"Inherit-icon b-icon box-icon-md\"><span class=\" Inherit\"><\/span><\/div>          \r\n                <h5 class=\"statistic-number txt-700\"><span class=\"count-element\">54<\/span>%<\/h5>                \r\n                <p class=\"txt-500\">Oszcz\u0119dno\u015b\u0107 baterii<\/p>\r\n                                \r\n        <\/div>[\/vc_column_inner][\/vc_row_inner][\/vc_column][vc_column width=&#8221;2\/12&#8243;][\/vc_column][\/vc_row][\/vc_section][vc_section section_type=&#8221;process&#8221; process_type=&#8221;1&#8243; parallax_image_attachment=&#8221;scroll&#8221; el_id=&#8221;how&#8221;][vc_row][vc_column width=&#8221;1\/12&#8243;][\/vc_column][vc_column width=&#8221;5\/6&#8243;]\r\n        <div class=\"section-title text-center\">\r\n            <h3 class=\"h3-lg\">Zobacz jak mo\u017cesz cieszy\u0107 si\u0119 systemem.<\/h3>\r\n            <p class=\"p-md\">Skontaktuj si\u0119 z nami i kup swoje upragnione urz\u0105dzenie, kt\u00f3re zapewni bezpiecze\u0144stwo i spok\u00f3j ducha.<\/p>         \r\n        <\/div>[\/vc_column][vc_column width=&#8221;1\/12&#8243;][\/vc_column][\/vc_row][vc_row][vc_column]\r\n        <div >                      \r\n            <div id=\"process-1-type\"><div class=\"row\"><div id=\"step-1\" class=\"col-sm-3\"><div class=\"pbox-1 text-center icon-xs\">\r\n                <div class=\"pbox-icon\"  style=\"background-color: rgba(150, 150, 150, .2)\"><span class=\"flaticon-011-add-user-1 grey-color\"><\/span><\/div>\r\n                <h5 class=\"h5-sm\">Sk\u0142adasz zam\u00f3wienie<\/h5>\r\n                <p>Zamawiasz us\u0142ug\u0119 i podajesz niezb\u0119dne dane. <\/p>                \r\n            <\/div><\/div><div id=\"step-2\" class=\"col-sm-3\"><div class=\"pbox-1 text-center icon-xs\">\r\n                <div class=\"pbox-icon\"  style=\"background-color: rgba(150, 150, 150, .2)\"><span class=\"flaticon-104-settings-2 grey-color\"><\/span><\/div>\r\n                <h5 class=\"h5-sm\">Dostosowujemy urz\u0105dzenie<\/h5>\r\n                <p>Wybieramy odpowiedni\u0105\u00a0form\u0119 po\u0142\u0105czenia. <\/p>                \r\n            <\/div><\/div><div id=\"step-3\" class=\"col-sm-3\"><div class=\"pbox-1 text-center icon-xs\">\r\n                <div class=\"pbox-icon\"  style=\"background-color: rgba(150, 150, 150, .2)\"><span class=\"flaticon-013-airplane grey-color\"><\/span><\/div>\r\n                <h5 class=\"h5-sm\">Wysy\u0142amy paczk\u0119<\/h5>\r\n                <p>Nadajemy paczk\u0119 dogodn\u0105\u00a0dla Ciebie drog\u0105. <\/p>                \r\n            <\/div><\/div><div id=\"step-4\" class=\"col-sm-3 column-last\"><div class=\"pbox-1 text-center icon-xs\">\r\n                <div class=\"pbox-icon\"  style=\"background-color: rgba(150, 150, 150, .2)\"><span class=\"flaticon-002-checked grey-color\"><\/span><\/div>\r\n                <h5 class=\"h5-sm\">Pod\u0142\u0105czasz i je\u017adzisz<\/h5>\r\n                <p>Cieszysz si\u0119\u00a0bezpiecze\u0144stwem. <\/p>                \r\n            <\/div><\/div><div class=\"process-btn text-center col-sm-12\">\r\n                <a target=\"_blank\"  href=\"https:\/\/smartvehicle.pl\/index.php\/zamow\/\"  title=\"Zam\u00f3w urz\u0105dzenie\"  class=\"btn btn-tra-dark default-hover btn-type-light btn-hover-type-dark\"><span>Zam\u00f3w urz\u0105dzenie<\/span><\/a>\r\n                \r\n            <\/div><\/div><\/div>     \r\n        <\/div>[\/vc_column][\/vc_row][\/vc_section][vc_section enable_inner=&#8221;yes&#8221; inner_bg_class=&#8221;bg-lightgrey&#8221; inner_padding_top=&#8221;pt-100&#8243; parallax_image_attachment=&#8221;inherit&#8221; padding_bottom=&#8221;pb-80&#8243; padding_class=&#8221;&#8221; content_type=&#8221;5&#8243; el_class=&#8221;info-5-row&#8221; inner_el_class=&#8221;bg-inner&#8221;][vc_row parallax_image_attachment=&#8221;inherit&#8221;][vc_column width=&#8221;1\/2&#8243;]\r\n        <div class=\"pl-45  info-5-img  wow perch-fadeInUp fadeInUp\" data-wow-delay=\"300ms\" data-wow-duration=\"1200ms\"> \r\n        <img decoding=\"async\" class=\"vc_single_image-img img-fluid\"  src=\"https:\/\/smartvehicle.pl\/wp-content\/uploads\/2025\/12\/image-16.png\" alt=\"External image\" \/>\r\n        <\/div>[\/vc_column][vc_column width=&#8221;1\/2&#8243;]\r\n        <div class=\"mb-40 pl-45 pr-45  txt-block\"> \r\n        \t\r\n            <span class=\"section-id id-color  wow perch-fadeInUp fadeInUp\" data-wow-delay=\"300ms\" data-wow-duration=\"1200ms\">Optymalizacja<\/span>         \r\n            <h3 class=\"h3-lg  wow perch-fadeInUp fadeInUp\" data-wow-delay=\"400ms\" data-wow-duration=\"1200ms\">Dopracowanie aplikacji pozwala na bezproblemow\u0105 prac\u0119!<\/h3>\r\n             \r\n            \r\n            <ul class=\"txt-list mb-35 single-column-list\"><li class=\" wow perch-fadeInUp fadeInUp\" data-wow-delay=\"600ms\" data-wow-duration=\"1200ms\">Optymalizacja modeli i zasob\u00f3w poprzez binarne modele sieci neuronowych aby ograniczy\u0107 zu\u017cycie RAM\/CPU<\/li><li class=\" wow perch-fadeInUp fadeInUp\" data-wow-delay=\"700ms\" data-wow-duration=\"1200ms\">Optymalizacja komunikacji i danych poprzez buforowanie i kompresje danych wysy\u0142anych do serwera<\/li><\/ul>            \r\n            \r\n                        \r\n                        \r\n                  \r\n        <\/div>[\/vc_column][\/vc_row][\/vc_section][vc_section section_type=&#8221;features&#8221; features_type=&#8221;5&#8243; bg_class=&#8221;bg-tra&#8221; parallax_image_attachment=&#8221;scroll&#8221; el_class=&#8221;bg-geometric&#8221;][vc_row][vc_column width=&#8221;1\/12&#8243;][\/vc_column][vc_column width=&#8221;5\/6&#8243;][vc_row_inner][vc_column_inner width=&#8221;1\/2&#8243;]<div class=\"fbox-5 white-color icon-xl text-center\">\r\n    \t\t<div class=\"white-color-icon b-icon box-icon-icon\"><span class=\"flaticon-088-notification white-color\"><\/span><\/div><!-- Icon  -->\r\n\t\t\t<!-- Title -->\t\t\t\t\t\t\t\t\t\r\n\t\t\t<h5 class=\"white-color h5-xs none\">Wsparcie specjalist\u00f3w z dziedziny IT<\/h5><!-- Text -->\r\n            \r\n\t\t<\/div>[\/vc_column_inner][vc_column_inner width=&#8221;1\/2&#8243;]<div class=\"fbox-5 white-color icon-xl text-center\">\r\n    \t\t<div class=\"white-color-icon b-icon box-icon-icon\"><span class=\"flaticon-103-keyhole white-color\"><\/span><\/div><!-- Icon  -->\r\n\t\t\t<!-- Title -->\t\t\t\t\t\t\t\t\t\r\n\t\t\t<h5 class=\"white-color h5-xs none\">Szyfrowanie end-to-end w standardzie 256-bit.<\/h5><!-- Text -->\r\n            \r\n\t\t<\/div>[\/vc_column_inner][\/vc_row_inner][\/vc_column][vc_column width=&#8221;1\/12&#8243;][\/vc_column][\/vc_row][\/vc_section][vc_section section_type=&#8221;download&#8221; download_type=&#8221;5&#8243; bg_class=&#8221;bg-tra&#8221; parallax_image_attachment=&#8221;scroll&#8221; padding_top=&#8221;pt-100&#8243; padding_class=&#8221;&#8221; el_class=&#8221;bg-image download-section&#8221;][vc_row][vc_column width=&#8221;1\/2&#8243; column_inner_style=&#8221;download-img&#8221; download_img_type=&#8221;5&#8243;]\r\n        <div class=\"download-5-img  wow perch-fadeInUp fadeInUp\" data-wow-delay=\"300ms\" data-wow-duration=\"1200ms\"> \r\n        <img decoding=\"async\" class=\"vc_single_image-img img-fluid\"  src=\"https:\/\/smartvehicle.pl\/wp-content\/uploads\/2025\/12\/konta-400x500-1.png\" alt=\"External image\" \/>\r\n        <\/div>[\/vc_column][vc_column width=&#8221;1\/2&#8243;]\r\n        <div class=\"mb-40  download-txt white-color\"> \r\n        \t            \r\n            <h3 class=\"Default h3-xl none  wow perch-fadeInUp fadeInUp\" data-wow-delay=\"300ms\" data-wow-duration=\"1200ms\">Aktualizacja aplikacji w toku<\/h3>\r\n            <p class=\"Default p-md none  wow perch-fadeInUp fadeInUp\" data-wow-delay=\"400ms\" data-wow-duration=\"1200ms\">W zwi\u0105zku z najnowszymi wymogami bezpiecze\u0144stwa oraz polityk\u0105 Google, prowadzimy prace nad dostosowaniem naszej aplikacji do bie\u017c\u0105cych standard\u00f3w. Po zako\u0144czeniu aktualizacji poinformujemy o jej ponownej dost\u0119pno\u015bci w sklepie Google Play.<\/p>\n<p>Do tego czasu aplikacja pozostaje dost\u0119pna dla starszych wersji systemu Android \u2014 instalacji dokonuj\u0105 nasi specjali\u015bci na \u017cyczenie u\u017cytkownika.<\/p>    \r\n             \r\n                  \r\n        <\/div>[\/vc_column][\/vc_row][\/vc_section][vc_section section_type=&#8221;faqs&#8221; faqs_type=&#8221;2&#8243; parallax_image_attachment=&#8221;inherit&#8221; el_id=&#8221;faqs&#8221;][vc_row][vc_column width=&#8221;1\/12&#8243;][\/vc_column][vc_column width=&#8221;5\/6&#8243;]\r\n        <div class=\"section-title text-center\">\r\n            <h3 class=\"h3-lg\">Najcz\u0119\u015bciej Zadawane Pytania<\/h3>\r\n            <p class=\"p-md\">Rozwiej swoje w\u0105tpliwo\u015bci i zapoznaj si\u0119 z przygotowanymi przez nasz zesp\u00f3\u0142 pytaniami i odpowiedziami na temat produktu.<\/p>         \r\n        <\/div>[\/vc_column][vc_column width=&#8221;1\/12&#8243;][\/vc_column][\/vc_row][vc_row][vc_column width=&#8221;1\/2&#8243;]\r\n        <div class=\" questions-holder question\"> \r\n                   \r\n                   \r\n            <h5 class=\"Default h5-xs none os-version\">Czym jest SafeDrive?<\/h5>\r\n            <p class=\"Default none os-version\">SafeDrive to system zwi\u0119kszaj\u0105cy bezpiecze\u0144stwo jazdy i jako\u015b\u0107 zarz\u0105dzania serwisem auta, sk\u0142adaj\u0105cy si\u0119 z urz\u0105dzenia pod\u0142\u0105czanego do OBD2\/CAN oraz aplikacji mobilno\u2011serwerowej. System \u0142\u0105czy analiz\u0119 danych z komputera pok\u0142adowego z rozpoznawaniem obrazu i algorytmami Big Data.<\/p>         \r\n        <\/div>\r\n        <div class=\" questions-holder question\"> \r\n                   \r\n                   \r\n            <h5 class=\"Default h5-xs none os-version\">Jakie funkcje bezpiecze\u0144stwa oferuje system?<\/h5>\r\n            <p class=\"Default none os-version\">System wspiera kierowc\u0119 w rozpoznawaniu znak\u00f3w drogowych, informuje o zbyt ma\u0142ej odleg\u0142o\u015bci od poprzedzaj\u0105cego pojazdu oraz przekroczeniu pr\u0119dko\u015bci. Mo\u017ce tak\u017ce ostrzega\u0107 o innych potencjalnie niebezpiecznych sytuacjach na podstawie analizy danych kamer.<\/p>         \r\n        <\/div>\r\n        <div class=\" questions-holder question\"> \r\n                   \r\n                   \r\n            <h5 class=\"Default h5-xs none os-version\">Na czym polega funkcja czarnej skrzynki?<\/h5>\r\n            <p class=\"Default none os-version\">SafeDrive pe\u0142ni rol\u0119 czarnej skrzynki, rejestruj\u0105c kluczowe parametry jazdy i histori\u0119 zachowania pojazdu przed zdarzeniem drogowym. Dane te mog\u0105 pom\u00f3c w ustaleniu przyczyn kolizji lub sporu serwisowego.<\/p>         \r\n        <\/div>[\/vc_column][vc_column width=&#8221;1\/2&#8243;]\r\n        <div class=\" questions-holder question\"> \r\n                   \r\n                   \r\n            <h5 class=\"Default h5-xs none os-version\">Czy urz\u0105dzenie b\u0119dzie dzia\u0142a\u0107 z moim samochodem?<\/h5>\r\n            <p class=\"Default none os-version\">Urz\u0105dzenie projektowane jest jako kompatybilne z szerok\u0105 gam\u0105 pojazd\u00f3w europejskich, azjatyckich i ameryka\u0144skich wyposa\u017conych w standardowe z\u0142\u0105cze OBD2. W projekcie przewidziano obs\u0142ug\u0119 popularnych protoko\u0142\u00f3w diagnostycznych, takich jak ISO9141, ISO14230, ISO15765, SAE J1850 oraz CAN.<\/p>         \r\n        <\/div>\r\n        <div class=\" questions-holder question\"> \r\n                   \r\n                   \r\n            <h5 class=\"Default h5-xs none os-version\">Na czym polega kontrola rodzicielska (Junior Assistant)?<\/h5>\r\n            <p class=\"Default none os-version\">Rodzic mo\u017ce zdalnie ograniczy\u0107 maksymaln\u0105 pr\u0119dko\u015b\u0107. Funkcja ta jest skierowana do opiekun\u00f3w udost\u0119pniaj\u0105cych samoch\u00f3d m\u0142odym lub niedo\u015bwiadczonym kierowcom.<\/p>         \r\n        <\/div>\r\n        <div class=\" questions-holder question\"> \r\n                   \r\n                   \r\n            <h5 class=\"Default h5-xs none os-version\">Jak wykorzystywana jest sztuczna inteligencja?<\/h5>\r\n            <p class=\"Default none os-version\">System wykorzystuje sieci neuronowe do rozpoznawania znak\u00f3w pionowych i poziomych oraz innych obiekt\u00f3w na drodze, a tak\u017ce algorytmy uczenia maszynowego do wykrywania anomalii i sytuacji niebezpiecznych. Dzi\u0119ki temu SafeDrive mo\u017ce w czasie zbli\u017conym do rzeczywistego reagowa\u0107 na zmieniaj\u0105ce si\u0119 warunki jazdy.<\/p>         \r\n        <\/div>[\/vc_column][\/vc_row][\/vc_section][vc_row][vc_column][vc_single_image custom_src=&#8221;https:\/\/smartvehicle.pl\/wp-content\/uploads\/2025\/12\/22.png&#8221; alignment=&#8221;center&#8221; css=&#8221;&#8221;][\/vc_column][\/vc_row]<\/p>\n<\/div>","protected":false},"excerpt":{"rendered":"<p>[vc_section section_type=&#8221;hero&#8221; hero_type=&#8221;6&#8243; parallax_image_attachment=&#8221;scroll&#8221; padding_class=&#8221;&#8221;][vc_row][vc_column width=&#8221;1\/2&#8243;][\/vc_column][vc_column width=&#8221;1\/12&#8243;][\/vc_column][vc_column width=&#8221;5\/12&#8243;][\/vc_column][\/vc_row][\/vc_section][vc_section section_type=&#8221;features&#8221; features_type=&#8221;1&#8243; bg_class=&#8221;bg-lightgrey&#8221; parallax_image_attachment=&#8221;inherit&#8221; el_id=&#8221;features&#8221;][vc_row][vc_column width=&#8221;1\/3&#8243;][\/vc_column][vc_column width=&#8221;1\/3&#8243;][\/vc_column][vc_column width=&#8221;1\/3&#8243;][\/vc_column][\/vc_row][\/vc_section][vc_section section_type=&#8221;info&#8221; info_type=&#8221;1&#8243; parallax_image_attachment=&#8221;inherit&#8221; el_class=&#8221;info-2-row&#8221; el_id=&#8221;about&#8221;][vc_row][vc_column width=&#8221;1\/2&#8243;][\/vc_column][vc_column width=&#8221;1\/2&#8243;][\/vc_column][\/vc_row][\/vc_section][vc_section bg_class=&#8221;bg-tra&#8221; parallax_image_attachment=&#8221;fixed&#8221; el_class=&#8221;bg-graph&#8221; el_id=&#8221;why&#8221;][vc_row][vc_column width=&#8221;2\/12&#8243; el_class=&#8221;txt-block&#8221;][\/vc_column][vc_column width=&#8221;8\/12&#8243;][vc_row_inner][vc_column_inner width=&#8221;1\/3&#8243;][\/vc_column_inner][vc_column_inner width=&#8221;1\/3&#8243;][\/vc_column_inner][vc_column_inner width=&#8221;1\/3&#8243;][\/vc_column_inner][\/vc_row_inner][\/vc_column][vc_column width=&#8221;2\/12&#8243;][\/vc_column][\/vc_row][\/vc_section][vc_section section_type=&#8221;process&#8221; process_type=&#8221;1&#8243; parallax_image_attachment=&#8221;scroll&#8221; el_id=&#8221;how&#8221;][vc_row][vc_column width=&#8221;1\/12&#8243;][\/vc_column][vc_column width=&#8221;5\/6&#8243;][\/vc_column][vc_column&#8230;<\/p>\n","protected":false},"author":1,"featured_media":0,"parent":0,"menu_order":0,"comment_status":"closed","ping_status":"closed","template":"","meta":{"_monsterinsights_skip_tracking":false,"_monsterinsights_sitenote_active":false,"_monsterinsights_sitenote_note":"","_monsterinsights_sitenote_category":0,"footnotes":""},"class_list":["post-68","page","type-page","status-publish","hentry","no-post-thumbnail"],"aioseo_notices":[],"post_mailing_queue_ids":[],"_links":{"self":[{"href":"https:\/\/smartvehicle.pl\/index.php\/wp-json\/wp\/v2\/pages\/68","targetHints":{"allow":["GET"]}}],"collection":[{"href":"https:\/\/smartvehicle.pl\/index.php\/wp-json\/wp\/v2\/pages"}],"about":[{"href":"https:\/\/smartvehicle.pl\/index.php\/wp-json\/wp\/v2\/types\/page"}],"author":[{"embeddable":true,"href":"https:\/\/smartvehicle.pl\/index.php\/wp-json\/wp\/v2\/users\/1"}],"replies":[{"embeddable":true,"href":"https:\/\/smartvehicle.pl\/index.php\/wp-json\/wp\/v2\/comments?post=68"}],"version-history":[{"count":19,"href":"https:\/\/smartvehicle.pl\/index.php\/wp-json\/wp\/v2\/pages\/68\/revisions"}],"predecessor-version":[{"id":2796,"href":"https:\/\/smartvehicle.pl\/index.php\/wp-json\/wp\/v2\/pages\/68\/revisions\/2796"}],"wp:attachment":[{"href":"https:\/\/smartvehicle.pl\/index.php\/wp-json\/wp\/v2\/media?parent=68"}],"curies":[{"name":"wp","href":"https:\/\/api.w.org\/{rel}","templated":true}]}}